ivisor of 881322525 and 2025.
2025
What is the greatest common factor of 44892 and 468060?
348
Calculate the highest common factor of 44 and 7971236.
4
What is the greatest common divisor of 73852548 and 176?
44
What is the greatest common factor of 394459 and 252187?
247
What is the highest common divisor of 10 and 1364184?
2
What is the greatest common divisor of 903 and 315749?
301
What is the highest common divisor of 7526223 and 45?
9
Calculate the highest common factor of 46433641 and 1223.
1223
Calculate the greatest common factor of 432 and 6730476.
12
What is the highest common factor of 2862720 and 2691255?
7455
Calculate the highest common factor of 135 and 2935845.
135
What is the highest common divisor of 6386 and 100998?
62
Calculate the highest common factor of 2889325 and 78688.
2459
Calculate the highest common factor of 126 and 40924278.
18
What is the highest common factor of 2584458 and 479586?
402
Calculate the highest common divisor of 7 and 18687683.
7
Calculate the highest common factor of 857988 and 9036.
36
Calculate the greatest common factor of 85063 and 6105.
407
Calculate the highest common divisor of 47741086 and 1082.
1082
What is the greatest common divisor of 114 and 3571810?
38
What is the highest common factor of 1686 and 191282601?
843
Calculate the greatest common divisor of 272 and 44257528.
136
What is the greatest common factor of 2726 and 797674?
58
What is the greatest common factor of 3512153 and 6102?
113
What is the greatest common divisor of 91712194 and 2372?
1186
Calculate the greatest common divisor of 114305 and 860.
5
Calculate the greatest common factor of 3946 and 9255343.
1973
What is the highest common divisor of 232887301 and 146?
73
Calculate the highest common divisor of 3370476 and 1413.
471
Calculate the highest common factor of 9864 and 6469551.
1233
What is the greatest common factor of 2114 and 301798?
14
Calculate the highest common factor of 30163 and 12730037.
139
What is the greatest common divisor of 108516 and 86604?
12
What is the greatest common divisor of 214022 and 304196?
226
Calculate the highest common factor of 5450 and 7725920.
1090
Calculate the highest common divisor of 6720684 and 112068.
3396
What is the highest common divisor of 340141 and 54897?
29
What is the greatest common divisor of 5046 and 136277322?
5046
Calculate the highest common factor of 44025634 and 1702.
1702
What is the greatest common divisor of 26092711 and 262?
131
What is the greatest common divisor of 4986098 and 4732?
26
What is the greatest common factor of 137114761 and 118?
59
What is the greatest common divisor of 15260934 and 306?
102
What is the highest common factor of 359724231 and 45?
9
Calculate the highest common factor of 55 and 58111856.
11
Calculate the highest common divisor of 18480048 and 144.
48
Calculate the highest common divisor of 810 and 446960.
10
What is the greatest common factor of 30472140 and 183360?
11460
What is the highest common factor of 1608 and 413954676?
804
What is the highest common factor of 160046 and 22790?
86
Calculate the highest common factor of 1782 and 214346.
22
Calculate the greatest common divisor of 99110 and 21930.
170
What is the highest common divisor of 24 and 10738216?
8
What is the highest common factor of 12360271 and 7?
7
Calculate the highest common factor of 22456 and 39258702.
5614
What is the greatest common divisor of 1533 and 7115164?
511
What is the highest common factor of 18681452 and 1450?
58
What is the highest common divisor of 2460 and 230393145?
615
Calculate the greatest common divisor of 1462 and 3621.
17
Calculate the greatest common factor of 2395505 and 35.
35
What is the highest common divisor of 14384 and 148304?
496
What is the greatest common factor of 1658886 and 6946?
302
What is the highest common factor of 80 and 4151976?
8
Calculate the highest common factor of 221715 and 19935.
45
Calculate the greatest common divisor of 15260 and 1316.
28
Calculate the highest common divisor of 452128 and 18226808.
1592
What is the highest common factor of 469181 and 47173477?
5939
Calculate the greatest common divisor of 2581 and 184846.
29
Calculate the greatest common factor of 56181902 and 14.
14
What is the greatest common divisor of 5448 and 384360486?
1362
What is the highest common divisor of 7489800 and 653715?
3285
Calculate the highest common divisor of 3740 and 134528820.
340
What is the greatest common factor of 611736 and 324?
12
Calculate the highest common divisor of 13172 and 20276.
148
What is the highest common divisor of 106666 and 104846?
14
What is the greatest common factor of 21383763 and 178?
89
What is the greatest common divisor of 126081904 and 32?
16
What is the greatest common factor of 5408674 and 1160?
58
Calculate the greatest common factor of 1179 and 17455488.
393
What is the greatest common factor of 19277206 and 286?
26
What is the greatest common factor of 513051029 and 401?
401
Calculate the greatest common divisor of 928 and 40192.
32
What is the greatest common factor of 208 and 2000592?
16
What is the highest common factor of 74957533 and 6874?
3437
What is the greatest common factor of 56912107 and 7?
7
What is the highest common divisor of 599085 and 690?
15
Calculate the highest common factor of 48306 and 12022374.
582
What is the greatest common factor of 4737902 and 71669?
1937
What is the greatest common divisor of 138955858 and 618?
206
Calculate the highest common divisor of 95699196 and 852.
852
Calculate the highest common divisor of 80067468 and 84.
12
Calculate the highest common divisor of 2611133 and 77.
7
Calculate the highest common factor of 13617 and 13726737.
801
Calculate the highest common factor of 8125 and 115271.
13
What is the greatest common divisor of 36900423 and 18?
9
What is the greatest common divisor of 11767383 and 4216?
527
What is the greatest common factor of 73278 and 12194002?
2714
Calculate the highest common divisor of 9 and 389807091.
9
What is the greatest common divisor of 2009 and 23428343?
41
Calculate the highest common factor of 429 and 1709666673.
429
What is the highest common factor of 60259754 and 19?
19
What is the greatest common divisor of 857240 and 4010?
10
What is the highest common divisor of 99 and 1016108082?
99
Calculate the greatest common factor of 33 and 1379769.
3
What is the highest common factor of 1645630 and 1078?
14
Calculate the highest common factor of 102247 and 22509937.
1733
Calculate the highest common divisor of 304210 and 14935.
145
What is the highest common factor of 249626465 and 95?
95
What is the highest common divisor of 270 and 72268440?
30
What is the greatest common divisor of 954351772 and 13712?
3428
Calculate the highest common factor of 3025878 and 2130.
426
Calculate the greatest common divisor of 107848 and 17621656.
1768
What is the highest common factor of 455269500 and 21728?
2716
What is the greatest common divisor of 93750 and 121920?
30
Calculate the highest common divisor of 4025 and 9902949.
161
Calculate the highest common divisor of 164566688 and 18304.
4576
What is the highest common factor of 90 and 2600685?
45
Calculate the highest common factor of 9795210 and 27650.
790
What is the greatest common factor of 252 and 3788624?
28
Calculate the highest common divisor of 4986806 and 996.
166
Calculate the greatest common factor of 184240 and 140560.
560
What is the greatest common factor of 341303544 and 81?
81
Calculate the greatest common divisor of 176 and 2349402.
22
What is the greatest common divisor of 2509 and 9711?
13
What is the greatest common divisor of 5051 and 14?
1
Calculate the greatest common divisor of 44150 and 305173630.
8830
What is the greatest common factor of 258636 and 10?
2
Calculate the greatest common factor of 1120 and 31614520.
280
What is the greatest common factor of 161396 and 471?
157
Calculate the highest common divisor of 16709 and 4134284.
2387
What is the highest common factor of 14432566 and 1854?
206
What is the highest common divisor of 5200 and 16899350?
650
Calculate the greatest common factor of 705930 and 780.
30
What is the greatest common divisor of 8401266 and 306?
18
Calculate the highest common divisor of 18099390 and 1122.